213?
True
Does 1096 divide 1313716527?
False
Does 134 divide 433008538?
True
Is 33629407 a multiple of 7?
True
Is 1181 a factor of 73595196?
True
Is 1314175032 a multiple of 727?
False
Is 150 a factor of 1059288771?
False
Is 28 a factor of 9931740?
True
Is 215 a factor of 25481155?
True
Is 882309388 a multiple of 5322?
False
Is 5 a factor of 53757912?
False
Does 511 divide 1345390949?
True
Does 217 divide 268307263?
True
Does 857 divide 123077276?
False
Is 99 a factor of 113781888?
True
Is 85 a factor of 32664254?
False
Is 58 a factor of 6143534?
True
Does 12 divide 3448296828?
True
Is 4386 a factor of 593864106?
False
Is 18 a factor of 25134228?
True
Is 1546323497 a multiple of 6?
False
Does 23 divide 186683206?
False
Does 14 divide 844458621?
False
Does 844 divide 168293537?
False
Is 39260069 a multiple of 98?
False
Does 97 divide 28019311?
False
Is 35476690 a multiple of 2?
True
Is 7 a factor of 84201618?
False
Is 64573236 a multiple of 598?
True
Does 4 divide 1275294055?
False
Does 269 divide 1012840145?
True
Does 3565 divide 864444118?
False
Is 645 a factor of 101787450?
True
Does 465 divide 105700415?
False
Is 4668 a factor of 12446163?
False
Is 790920 a multiple of 15?
True
Is 374415173 a multiple of 11?
True
Does 32 divide 4237315392?
True
Is 80126225 a multiple of 7?
False
Is 956 a factor of 226410716?
False
Is 4 a factor of 154674804?
True
Is 383001717 a multiple of 237?
True
Is 174 a factor of 128325696?
True
Does 51 divide 17144772?
True
Is 4725362600 a multiple of 670?
True
Does 40 divide 106212400?
True
Is 240 a factor of 39512778?
False
Is 240686213 a multiple of 74?
False
Is 6 a factor of 6048282?
True
Is 1392346638 a multiple of 9?
True
Is 4469857990 a multiple of 14231?
False
Does 8 divide 1275953910?
False
Does 163 divide 58217681?
False
Does 7 divide 112120025?
False
Is 34945770 a multiple of 5?
True
Does 8 divide 368421600?
True
Is 56735411 a multiple of 3841?
True
Does 23 divide 1720220216?
False
Does 26 divide 1219696941?
False
Does 10 divide 7306652?
False
Is 135 a factor of 141507165?
False
Does 28 divide 1802853752?
True
Does 43 divide 511610219?
False
Does 694 divide 4024506?
True
Is 3 a factor of 2110744?
False
Does 194 divide 191259168?
True
Does 328 divide 220920464?
True
Is 12776799 a multiple of 483?
True
Is 102 a factor of 713632?
False
Does 201 divide 79692681?
True
Does 26 divide 126589105?
False
Does 278 divide 362604296?
True
Is 541898330 a multiple of 259?
False
Does 140 divide 33678400?
True
Does 1519 divide 1046843154?
True
Is 38615774 a multiple of 1352?
False
Is 260480500 a multiple of 4750?
True
Does 47 divide 41318692?
False
Does 11307 divide 871957163?
False
Is 16 a factor of 1097410864?
True
Is 19503412 a multiple of 1377?
False
Does 14 divide 1265880335?
False
Is 6403185 a multiple of 5?
True
Is 2775214 even?
True
Does 7 divide 71820083?
False
Does 33 divide 117054762?
True
Is 561939806 a multiple of 5922?
False
Is 966 a factor of 122174436?
False
Is 334505097 a multiple of 93?
True
Is 101 a factor of 4333786777?
False
Is 3 a factor of 121814?
False
Is 15 a factor of 3840050?
False
Does 364 divide 466271260?
True
Does 24 divide 28371528?
True
Is 849102872 a multiple of 17?
False
Does 7 divide 12303081?
True
Is 68 a factor of 1954424312?
True
Does 33 divide 2642332770?
True
Is 16 a factor of 66826192?
True
Is 21689820 a multiple of 36?
True
Does 4 divide 7450236?
True
Is 29542787 a multiple of 23?
True
Does 319 divide 33325292?
True
Does 8591 divide 1387836500?
False
Is 204 a factor of 90556310?
False
Does 529 divide 1022002608?
True
Does 4 divide 6717147?
False
Is 82 a factor of 798802262?
True
Is 22028768 a multiple of 76?
False
Does 28 divide 70924?
True
Does 237 divide 185924250?
False
Is 38297096 a multiple of 45?
False
Is 15329601 a multiple of 63?
True
Is 18206032 a multiple of 8?
True
Is 521 a factor of 5978611?
False
Does 519 divide 135904302?
True
Is 20 a factor of 69687700?
True
Is 1939542380 a multiple of 4507?
True
Is 433322558 a multiple of 3?
False
Does 1431 divide 237738321?
False
Is 107 a factor of 66563737?
True
Is 275823082 a multiple of 1174?
True
Does 275 divide 125592954?
False
Does 12 divide 618318?
False
Is 1497 a factor of 7881705?
True
Does 129 divide 4029960?
True
Does 303 divide 1076327508?
True
Is 139 a factor of 755282618?
False
Is 20659716 a multiple of 609?
True
Is 239 a factor of 345911321?
False
Is 16 a factor of 182968144?
True
Is 833080539 a multiple of 16?
False
Is 114440262 a multiple of 16?
False
Is 20605707 a multiple of 111?
True
Is 1526593593 a multiple of 3507?
True
Is 2067 a factor of 12551907?
False
Is 926 a factor of 1754770647?
False
Does 85 divide 901461012?
False
Is 805 a factor of 662974767?
False
Is 327871108 a multiple of 2520?
False
Is 2170 a factor of 84177734?
False
Does 62 divide 62999750?
True
Does 192 divide 182016?
True
Is 210695424 a multiple of 1112?
False
Is 296812743 a multiple of 1846?
False
Does 361 divide 18546438?
False
Does 9 divide 185195494?
False
Is 8 a factor of 202426256?
True
Is 70366996 a multiple of 66?
False
Is 93589560 a multiple of 135?
True
Is 728 a factor of 5507694506?
False
Does 3172 divide 30941100?
False
Does 6 divide 163314794?
False
Is 353 a factor of 232956773?
False
Does 16 divide 1008693264?
True
Does 30 divide 561492158?
False
Does 7470 divide 286485393?
False
Is 192 a factor of 567905?
False
Is 15027100 a multiple of 25?
True
Is 438603522 a multiple of 2478?
True
Is 243 a factor of 158694218?
False
Is 1379 a factor of 423413676?
True
Does 12 divide 268424880?
True
Is 2011 a factor of 37744051?
False
Is 5 a factor of 36678740?
True
Is 96 a factor of 189761280?
True
Is 1136 a factor of 54801897?
False
Is 38640660 a multiple of 10?
True
Does 10 divide 653585937?
False
Is 210871801 a multiple of 47?
False
Is 207 a factor of 28975723?
False
Does 5 divide 5134820?
True
Is 288317029 a multiple of 13?
True
Does 2064 divide 15542060?
False
Is 786266448 a multiple of 132?
True
Is 165676606 a multiple of 4?
False
Is 137 a factor of 27870523?
False
Is 39147341 a multiple of 190?
False
Is 30 a factor of 8342100?
True
Is 256019295 a multiple of 673?
True
Is 5870 a factor of 519563581?
False
Is 12 a factor of 5132733357?
False
Is 4350 a factor of 1031637300?
True
Is 23439020 a multiple of 44?
True
Is 72431645 a multiple of 1313?
True
Does 301 divide 8324456?
True
Does 2570 divide 32408781?
False
Does 10 divide 103859173?
False
Is 13 a factor of 179771746?
False
Is 59613960 a multiple of 40?
True
Does 1650 divide 1318334200?
False
Does 118 divide 188555059?
False
Is 105713230 a multiple of 12?
False
Is 51634221 a multiple of 600?
False
Does 149 divide 32518781?
False
Is 641 a factor of 321590958?
False
Does 58 divide 3925447?
False
Does 12 divide 1176860?
False
Is 98 a factor of 13335546?
True
Is 1397208326 a multiple of 20?
False
Is 3624 a factor of 466550136?
True
Is 466951922 even?
True
Does 1309 divide 95757277?
True
Does 11 divide 2630544?
False
Is 18 a factor of 3642108?
False
Is 948254306 a multiple of 8?
False
Is 166 a factor of 3123954?
True
Does 46 divide 872430450?
False
Is 5115796 a multiple of 2?
True
Is 31 a factor of 134103356?
False
Is 4380607 a multiple of 77?
True
Does 386 divide 4211428?
False
Does 84 divide 10466967?
False
Is 25 a factor of 6354712?
False
Is 188816838 a multiple of 23?
False
Is 524362317 a multiple of 5?
False
Is 3241280 a multiple of 1263?
False
Is 326511293 a multiple of 103?
False
Does 527 divide 457172020?
False
Does 192 divide 5825856?
True
Does 2439 divide 3183692781?
False
Is 14281050 a multiple of 1943?
True
Is 136 a factor of 2376400896?
True
Is 272 a factor of 283492302?
False
Is 8 a factor of 128441496?
True
Is 2278185724 a multiple of 11644?
False
Does 607 divide 14508514?
True
Is 378 a factor of 77027706?
True
Is 781956362 a multiple of 8221?
False
Is 227192447 a multiple of 5241?
False
Is 175729554 a multiple of 33?
True
Is 4 a factor of 250736350?
False
Is 524681024 a multiple of 98?
True
Does 706 divide 126976218?
True
Is 15 a factor of 22155678?
False
Is 398 a factor of 1705927093?
False
Is 1581 a factor of 21260118?
False
Does 43 divide 3096847444?
True
Is 12 a factor of 754113?
False
Does 9 divide 16812627?
False
Does 427 divide 339526793?
False
Does 131 divide 13